/12 + m**3/2 - m**2 - 247*m - 2. Determine j(-2).
4
Let t(k) = -2*k**3 + k**3 + 1679*k + 9*k**2 + 9 - 1691*k. Give t(7).
23
Let w = 374 - 381. Let z(u) = -3*u - 15. Determine z(w).
6
Let h = 273 - 285. Let g(r) = r**3 + 12*r**2 + r + 14. What is g(h)?
2
Suppose 0 = -4*u + 191 - 123. Suppose 5*p + s + 36 = 0, -u = 2*p - 0*p + 3*s. Let v(h) = -h**2 - 7*h + 6. What is v(p)?
6
Suppose -10 = -4*x - r, 2*x - 5*r - 1 = 15. Let n(t) = -2 + 3 - 1 - 2 + x*t. Let v be (-4)/3*12/8. Determine n(v).
-8
Let d(o) = -852 + 850 + 10*o - 13*o**2 + o**3 + 4*o**2. What is d(8)?
14
Let s(g) = g**3 + 6*g**2 + 4*g. Suppose o - 4 = -2. Suppose 5*b = -3*z - 37, 0*b - o*z = -2*b - 2. Determine s(b).
5
Let i(q) be the third derivative of 7*q**5/60 - q**3/6 - q**2 + 71. Calculate i(-1).
6
Let l(r) = 2*r**2 - 3*r - 5. Let b(f) = -3*f**2 + 2*f + 7. Let v(p) = 3*b(p) + 4*l(p). What is v(-9)?
-26
Let i(y) be the second derivative of -2*y**4/3 - y**3/6 - y + 1. Calculate i(-1).
-7
Let v(n) = -n**2 + 8*n - 3. Let d(c) = 15*c - 15. Let r(f) = 7*f - 7. Let k(a) = 6*d(a) - 13*r(a). Let q be k(-12). Let g = q + -8. Give v(g).
12
Suppose v + 5*b + 22 = 0, -15*b = 4*v - 17*b + 22. Let g(u) = -2*u - 5. Calculate g(v).
9
Let d be (2 + 0/(-5))/((-2)/(-11)). Let v(c) = 3 - 6*c**2 - 4 + d*c**2 - 2*c. Determine v(2).
15
Let j be (-1)/(-2) - (-5)/(-10). Let i(u) = 3 - 3*u + j - 4. Suppose 7 - 1 = 3*g. Give i(g).
-7
Let n(i) = -14 - i**3 - 17 - 16 - 6*i + 40 - 2*i**2 - 4*i**2. Calculate n(-5).
-2
Let j(s) = -4*s**2 + 2*s + 1. Suppose -4*u + 6 + 7 = -5*x, -x = u - 1. Suppose 0 = -5*w - 5*m + 20, -u*w + 11*m - 8*m - 2 = 0. Give j(w).
-11
Let l(v) be the first derivative of 7 + 30 - 4 + 0*v**2 - 3*v**2. Calculate l(-1).
6
Let h(m) = -m**2 - 2*m + 5. Suppose -17*b + 172 = 104. Give h(b).
-19
Let q(h) = 13*h + 10*h - 26*h + 5*h. Determine q(-3).
-6
Let n(v) = 10*v - 12. Let z = 9 - 7. Let x(o) = -o + 1. Let w(r) = z*n(r) + 18*x(r). Calculate w(4).
2
Let v(k) be the first derivative of k**6/360 + k**5/40 - k**4/6 - 34*k**3/3 - 32. Let f(n) be the third derivative of v(n). Determine f(-5).
6
Let k(a) = -a**2 - 3*a + 4. Suppose -424 = -2*z - 432. Give k(z).
0
Suppose 5*w + 50 - 45 = 0. Let r(y) = 3*y**3 + 1. Calculate r(w).
-2
Let v(q) = 17*q - 631 + q**3 + 15*q**2 + 343 + 322. Give v(-14).
-8
Let i(y) = -2*y**3 + y**2 - 1. Let o be ((-2)/12)/((-5)/30)*-1. Give i(o).
2
Let q(v) = v**3 + 11*v**2 - 12*v + 2. Suppose -2*c + 84 = -9*c. What is q(c)?
2
Let d(y) = -39*y**3 - 4*y**2 - 2*y. Let t be d(-2). Let l = -450 + 452. Let g be l/(-12) + t/72. Let v(w) = w**3 - 3*w**2 - 2*w - 5. Calculate v(g).
3
Let g(m) = -m**2 - 57*m - 209. Let a be g(-4). Let x(p) = -p**3 + 2*p**2 + 3*p - 7. What is x(a)?
-7
Let y(r) = -r + 14. Let j = 438 + -432. Give y(j).
8
Let d(a) = 32*a - 4. Let k(z) = -35*z + 5. Let l(i) = 5*d(i) + 4*k(i). What is l(-1)?
-20
Let w(l) = -7*l - 3*l - 2*l + 9*l - 6*l. Determine w(-1).
9
Let r(y) = -3*y**3 + 18*y**2 + 41*y - 4. Let v(m) = -m**3 + 6*m**2 + 14*m - 1. Let j(l) = -6*r(l) + 17*v(l). Give j(7).
0
Suppose -8*n + 5*n + 9 = 0. Let a be (-2)/n - (-4)/(-12). Let t(i) be the second derivative of -2*i**4/3 - i**3/6 - i**2/2 + i. Give t(a).
-8
Let s(t) = -7*t**2 - 15*t + 13. Let w(c) = 12*c**2 + 29*c - 27. Let p(q) = 7*s(q) + 4*w(q). What is p(11)?
-17
Let k(n) = -3*n**3. Let f(b) = 8*b**3 - b**2 - b - 1. Let r be ((-1)/(-3))/((-177)/36 - -5). Let s(u) = r*f(u) + 11*k(u). Give s(-4).
12
Let j(y) = 12*y**2 + y + 1. Let v = 74 + -75. Let h be -4 + v/3*-9. Calculate j(h).
12
Suppose 168 = -298*p + 274*p. Let j(r) be the second derivative of r**6/360 + r**5/15 - r**4/6 + r. Let u(t) be the third derivative of j(t). Give u(p).
-6
Let r(p) = -8. Let j(x) = -x + 9. Let g(d) = 5*j(d) + 6*r(d). Suppose 2*o + 10*h = 14*h, 0 = -2*o + 2*h - 2. Determine g(o).
7
Let t(l) = -2*l**3 + 2*l**2 + 3*l - 4. Suppose -2*v + q + 8 = 0, 7*v + 2*q - 8 = 3*v. What is t(v)?
-31
Let m(h) = -71*h - 77*h + 206*h - 68*h + 4. Give m(3).
-26
Let r(d) = -4*d**2 - 10*d + 3. Let h(n) = 5*n**2 + 11*n - 3. Let o(v) = 3*h(v) + 4*r(v). Let a = -46 + 41. Determine o(a).
13
Let i(o) = -o**2 - o - 3. Let b(m) = -m**2 - 2*m + 21. Let f be b(-6). Let a be (3 + f)/(5 - 7). Determine i(a).
-3
Let p(k) = 27*k**3 - 3*k**2 + 4*k - 2. Let c be p(1). Let f(r) = r**2 - 26*r + 3. Let v be f(c). Let h(m) = 3*m - 3. Calculate h(v).
6
Suppose g - 24 = -h - 3*g, 0 = -h - 2*g + 14. Let k(t) = -2*t - 7*t + 8*t**2 + 6 + t**3 + 16*t + h. What is k(-7)?
10
Suppose 138*r = -92 - 78 + 32. Let s(i) be the second derivative of i**5/20 - i**4/6 + i**2/2 - i. What is s(r)?
-2
Let x(f) be the second derivative of 0*f**2 + 0 - 1/60*f**5 - 1/720*f**6 + 0*f**3 - 5*f - 1/6*f**4. Let u(y) be the third derivative of x(y). Calculate u(-1).
-1
Let c(q) = 2*q**2 - 3*q. Let d = 7 + -6. Let i be (3*d)/((-3)/(-2)). Determine c(i).
2
Let f(w) = -3*w**2 - 14*w + 2. Let l be f(-5). Let n(k) = k - 3. Let s(h) = 1. Let r(p) = n(p) + 2*s(p). Calculate r(l).
-4
Let k(n) = n**3 - 3*n**2 - 3*n. Let d = 272 + -268. Give k(d).
4
Let j(d) = d**3 - 6*d**2 + 13*d - 4*d**2 - 11 + 3*d**2. Calculate j(5).
4
Let v(c) = -8*c - 8. Let l(x) = x + 3. Let i(o) = -5*l(o) - v(o). Calculate i(9).
20
Let n(r) be the second derivative of -r**4/24 + r**3 - 4*r**2 + 12*r. Let x(j) be the first derivative of n(j). Calculate x(4).
2
Let c(o) be the second derivative of o**3/6 - o. Let g(w) = w**3 + 12*w**2 - 15*w - 25. Let v be g(-13). Suppose -t = -3 - v. Determine c(t).
4
Let y(o) be the second derivative of -o**4/12 - o**3/6 + o**2 + 3225*o. Suppose -n + 1 + 1 = 0. What is y(n)?
-4
Let k be 28/(-3) + 8/(-3) + 3. Let v(f) = f + 7. Determine v(k).
-2
Let b(j) be the third derivative of 29*j**4/12 + j**3/6 - 91*j**2. What is b(1)?
59
Let n(t) = 11*t**2 + t - 4. Let l(c) = -33*c**2 - 3*c + 11. Let b = -1 - -9. Let s(y) = b*n(y) + 3*l(y). Suppose 5*v - 9 = -2*g, -5 = -4*v - g + 1. Give s(v).
-11
Let t(z) be the first derivative of z**4/12 - z**3/6 + 4*z**2 + 7. Let b(c) be the second derivative of t(c). Let f be ((-12)/4)/((-6)/(-8)). What is b(f)?
-9
Let f(t) = 10 - 3 - t**2 - 3 + 10*t + 1. Let o be -3*((-4)/6 - (-128)/(-48)). Calculate f(o).
5
Let i(c) be the third derivative of c**5/30 + 5*c**4/24 + c**3/6 + 44*c**2. Determine i(-5).
26
Let i(o) be the first derivative of 0*o**3 + 9 - 1/2*o**2 - o + 5/4*o**4. What is i(-1)?
-5
Let o(s) = -2*s + 3*s + 8 - 2*s. Let c be 3/4*(-144)/(-54). Suppose 7*p - 25 = c*p. What is o(p)?
3
Let f(t) = 562*t**2 - 559*t**2 + 3*t + 0*t. Give f(-2).
6
Let w(f) = 26*f + 24*f - 44*f - 4 + f**2. Let n(m) = -m + 7. Let d be n(3). Suppose 3*t + 5*r - 5 = 0, 0 = -d*t - t - r - 21. Determine w(t).
-9
Let r(a) be the third derivative of a**5/20 - a**4/12 - a**3/6 - 6*a**2. Let z be r(-1). Let w(u) = 34 + 8*u**2 - 5*u**2 + 4*u - u**3 - 31. Calculate w(z).
3
Suppose 5*t + 5*u = 5, 4*t + 3 = 2*u + 1. Suppose -8*h - 36 + 4 = t. Let f(r) = r**2 + 5*r - 2. What is f(h)?
-6
Suppose -5*j + 26 = -3*f, -3*j + 7*f = 8*f - 24. Let l(n) = -4*n + 19. Determine l(j).
-9
Suppose 5*i = -2*m + 3 - 51, -5*i = 4*m + 96. Let j be (-4)/m - 1/6. Let o(c) = -c - 9. Determine o(j).
-9
Suppose -4*i = -8, 5*a + 2*i + 8 = -3. Let s(o) = -13 + 33 + 7*o - 22. Let n(y) = 2*y. Let t(f) = -6*n(f) + 2*s(f). Determine t(a).
-10
Let l(w) be the second derivative of -11*w**4/12 - w**3/6 - 97*w - 1. Suppose 0 + 2 = -2*o. Determine l(o).
-10
Let i(g) be the first derivative of -8 - 2*g + 1/2*g**2 - g**3 - 1/4*g**4. Let q(n) = n**2 - n - 3. Let h be q(0). Calculate i(h).
-5
Let z(c) be the second derivative of 1/3*c**3 + 0 + 2*c - 1/2*c**2. Suppose 4*w = -y + 22, -228*y = -230*y + 5*w - 47. Give z(y).
-13
Let z(m) = 3*m**3 - m**2 + 3*m - 5. Let n be z(2). Let y(c) = -n + 10 - c + 13. What is y(7)?
-5
Let i = 13 - 12. Let s(k) = 5*k + k + i + 3*k - 10*k. Calculate s(3).
-2
Let a(g) = 3*g**3 - g**2 + g + 12. Let w(l) = 4*l**3 + 2*l + 15. Let x(u) = -5*a(u) + 4*w(u). Determine x(-2).
6
Let c(a) be the first derivative of -a**3/3 + 3*a**2/2 - 2*a + 1. Let z(v) = v**2 + 6*v - 9. Let n be z(-7). Let f be (-1 + 9)*(-1)/n. What is c(f)?
-6
Let t = 3 + -2. Let y(k) = -4*k + 5 - t + k - k**2. Suppose -28*j + 11*j - 228 = 40*j. Determine y(j).
0
Suppose u = -4*o + 21, -4*u + 36 - 7 = 5*o. Suppose 0 + 20 = o*p. Let s(h) be t